30). Let l = 0 - b. What is the units digit of l?
3
Let s be (-1)/1*(1 - 34). Let w = s + -17. Let k = w - 11. What is the units digit of k?
5
Let a(y) be the third derivative of y**4/4 + 8*y**3/3 - 9*y**2. What is the units digit of a(5)?
6
Let k be ((-2)/(-4))/((-3)/234). What is the units digit of 2*(k/(-6) + 2)?
7
Let a = 23 - 35. What is the tens digit of 3*a/9*-3?
1
Suppose -4 = 2*o - 0*o. Let z be o/(3/9 - 1). Suppose 2*p - 20 = -4*h, 4*h - z = 3*p - 23. What is the units digit of p?
8
Suppose -4*s + s = -6. Let n(a) = -1. Let r(f) = -5*f + 4. Let z(i) = -2*n(i) - r(i). What is the units digit of z(s)?
8
Let n = -15 + 21. What is the units digit of n?
6
Suppose -2*y + 5*d + 25 = -15, -46 = -5*y - d. Let m(o) = -o**3 + 9*o**2 + 14*o - 23. What is the tens digit of m(y)?
1
Let d(c) = c - 11. Let t be d(15). Suppose 6*y - 4*s = y + 120, 4*y + t*s - 132 = 0. What is the units digit of y?
8
Let t = -34 - -72. What is the units digit of t?
8
Let m(u) = 11*u - 10. Let l(y) = -4*y + 3. Let z(q) = -8*l(q) - 3*m(q). Let j be z(3). Suppose -4*t = -j*t - 7. What is the units digit of t?
7
Suppose 2*n + 3*d = 12, 0*d - 2*d = 3*n - 13. Let x(y) be the third derivative of y**6/120 - y**5/60 - y**4/8 + y**3/2 - y**2. What is the tens digit of x(n)?
1
Let v(n) = n**2 + 7*n - 11. Let u be v(-8). Let g be 6/18 + 10/u. Let w = g + 6. What is the units digit of w?
3
Suppose -4*u + u = -357. What is the units digit of u?
9
Let d(l) = -2*l + 1. Let x be d(-13). What is the units digit of x/(2 + 1/(-2))?
8
Let z(p) = 6*p**2 - 3*p**2 + 7*p - 2*p**2 + 6. Let q be z(-4). What is the units digit of q/(-2 + -1)*1?
2
Let o(p) = -3*p - 1. Let w = -8 + 5. What is the units digit of o(w)?
8
Let c(q) be the first derivative of q**3/3 + 2*q**2 + 2*q - 1. Let b be c(-5). Let r = b - -2. What is the units digit of r?
9
Suppose 0 = -m + 5*n + 20, -7 = -2*n + 1. Let a = 14 + -32. Let g = m + a. What is the units digit of g?
2
Suppose 311 = 5*w - 4. What is the units digit of w?
3
Suppose w - 30 = -y, -5*w - 3*y + 25 = -133. What is the tens digit of w?
3
Let d(g) = -13*g + 4. What is the tens digit of d(-7)?
9
Suppose -1 = -3*k + 8. Suppose k - 2 = t. Suppose -3*h - b + t = 0, -5*h + 2*h - 7 = 5*b. What is the units digit of h?
1
Let h(q) = q**3 + 11*q**2 - 5*q - 4. What is the hundreds digit of h(-5)?
1
Let n(i) = -i**2 - 5*i + 6. Let d be n(-5). What is the units digit of 1 + -3 - d*-2?
0
Let h be 1 - ((-2 - 1) + 2). Suppose -32 = -h*y - 0. What is the tens digit of y?
1
Suppose 3*k + 9 = -2*f + 8*k, 4*f = -5*k - 3. Let p = f - -7. Suppose 11 + 9 = p*v. What is the units digit of v?
4
Suppose 0*j + 75 = 5*j. Let v = -8 + j. Let o = 12 - v. What is the units digit of o?
5
Suppose 5*u = 107 + 178. What is the units digit of u?
7
Let a(t) = -t**2 + 21*t + 13. What is the units digit of a(11)?
3
Suppose 3*g - 5*b = 136, 4*g - 238 = -g - 3*b. Let f = g + -32. Suppose -3*h + f = 2*h. What is the units digit of h?
3
Let q(p) = -p**3 + 15*p**2 + 12*p - 1. What is the hundreds digit of q(15)?
1
Let k(b) = 2*b**3 + 2*b**2 + b. Let v be k(-2). What is the units digit of (-82)/v - 2/10?
8
What is the tens digit of (30/(-1))/((-24)/32)?
4
Let o(p) = -p**2 + 35*p + 73. What is the tens digit of o(23)?
4
Suppose -y = -r - 14, 2*r + 10 = y - 0*r. Suppose 3*m = 2*m + y. What is the tens digit of m?
1
Let o(x) = 9*x**2 + x + 1. What is the tens digit of o(-2)?
3
Let t(p) be the first derivative of p**3/3 + 11*p**2/2 - 2*p + 2. What is the units digit of t(-14)?
0
Let v(s) = 6*s**2 + 5*s - 1. Let b(r) = -r**2 + r. Let l(i) = -5*b(i) + v(i). What is the tens digit of l(-1)?
1
Suppose 0 = 4*c + 205 - 793. What is the units digit of c?
7
Let r be ((-12)/15)/(2/(-20)). Suppose 6 + r = j. What is the tens digit of j?
1
Let t be 0 + -2*(-3)/6. Suppose t = 2*c + 7. What is the units digit of (2 - c/(-2))*12?
6
Let f(g) = g**2 + 10*g + 6. Let l be f(-5). Let y = l - -44. What is the tens digit of y?
2
Suppose -3*f = -f - 2*n - 20, 3*n - 42 = -3*f. Let r = f - 9. What is the units digit of 2 + -1 - r - -15?
3
Suppose 10*t + 10 = 15*t. What is the units digit of 0 + -1 + (4 - t)?
1
Suppose -3*z + 8 + 67 = 0. Let y = -16 + z. What is the units digit of y?
9
Let g = 24 + -40. Let d = 28 + g. Let a = d + -7. What is the units digit of a?
5
Suppose 5*q - 3*n - 275 = 0, 0 = -3*n - 6 + 21. What is the tens digit of q?
5
Suppose 5*o = -9 + 34. Suppose a = 3*u - a - 36, 5*a = -o*u + 85. What is the tens digit of u?
1
Suppose 0 = -4*k + 18 + 18. Let m(i) = -i**2 - 4. Let z be m(0). Let d = z + k. What is the units digit of d?
5
Let r(j) = j**2 - 3*j - 6. Let z be r(5). Suppose -52 = -0*f - z*f. Suppose 4*h - f = g + 18, 26 = 2*h - 4*g. What is the units digit of h?
7
Let h be (-574)/12 - 4/24. Let u be (-6)/(-9)*(0 - h). Suppose 0*a + 4*a = -3*q + 32, 4*a - 3*q - u = 0. What is the units digit of a?
8
Suppose j + 0 - 6 = 0. Suppose 0*w - j = 3*w. Let u = w - -7. What is the units digit of u?
5
Let y = 26 - 14. Suppose y = -0*b + 2*b. What is the units digit of 10*(b/(-4) - -2)?
5
Let f be -3*(7 + -1)*-1. Let p = 32 - f. What is the units digit of p?
4
Suppose -3*m + 7 = -2*m. Let i = m + 8. What is the units digit of i?
5
Suppose -333 = -6*j + 27. What is the tens digit of j?
6
Let t(n) = n**3 + 5*n**2 + 2*n - 2. Let v be t(-5). Let h = 20 + v. What is the units digit of h?
8
Suppose -44 = 4*z - 16. What is the tens digit of 1*9 - (z + 5)?
1
Suppose 316 = 2*h + 5*a, 4*h - 3*a = -4*a + 650. What is the tens digit of h?
6
Let l = 129 - 69. What is the units digit of l?
0
Let u(m) be the third derivative of m**5/15 + m**4/24 - m**3/6 - 9*m**2. What is the tens digit of u(3)?
3
Suppose 2*t - 3*b - 5 = -4*b, -t = 2*b + 2. Let u be t/(-10) + (-6)/(-15). Suppose -p - 2*p = l + 4, -2*l - 2*p + 12 = u. What is the units digit of l?
1
Let f be -2 - 0*1/2. What is the units digit of f - 1*(1 - 8)?
5
Let o(a) = 2*a - 15. Let z be o(10). Suppose -z*i + 4*y = -135, 0 = -4*i - 2*y + 32 + 76. Suppose 7 = q + r, i = 5*q - 3*r - 0*r. What is the units digit of q?
6
Suppose 3 - 23 = -4*m. Suppose 12 = -4*k, -g + 6*g - m*k = 55. What is the units digit of g?
8
Let g(l) be the third derivative of l**5/60 - l**4/6 - 7*l**3/6 - 4*l**2. What is the units digit of g(7)?
4
Suppose -4*b - 15 = -55. Suppose 0*j - 4*j - 5 = -z, 2*z - b = j. Suppose -3*r - 4 + 13 = j, -5*i = -r - 57. What is the units digit of i?
2
Suppose -g - g - 2 = -2*w, -2*w - 14 = 2*g. What is the units digit of (-6)/g*(-30)/(-9)?
5
Let h(x) = x**2 + 6*x - 11. What is the units digit of h(5)?
4
Let t = -26 - -44. What is the tens digit of t?
1
Let l = 11 - 8. Suppose -l*a = -a - 16. Suppose 3*f - 5*f + a = 0. What is the units digit of f?
4
Let w(h) = -h + 9. Let z be w(4). Let x = -3 + z. Suppose x*u = -3*i - 1 + 6, 19 = 5*i - 2*u. What is the units digit of i?
3
Let v = -6 + 5. Let y = v - -8. Let o(g) = -g**3 + 6*g**2 + 9*g - 4. What is the units digit of o(y)?
0
Suppose 13*b + 273 = 14*b. What is the hundreds digit of b?
2
Let l(o) = -o**3 + 5*o**2. Let m be l(4). Let i = m - 1. What is the tens digit of i?
1
Suppose 0 = -4*n + 3*x + 18, 5*x - 4 + 14 = 0. Suppose 0 = -4*a - 5*b + b + 16, -30 = -n*a + 3*b. What is the units digit of a?
7
Suppose -3*i - 19 = -3*s - 2*s, -5*i = 3*s - 25. Let v(r) be the first derivative of r**3/3 - 5*r**2/2 + r - 7. What is the units digit of v(s)?
1
Let x(n) = -n - 1. Suppose -3*v + 5 = -4. Let u be x(v). Let w = u + 16. What is the units digit of w?
2
Let c(l) = -l**3 + 9*l**2 - 4*l + 9. What is the units digit of c(8)?
1
Let y be -4 + (4 + -3 - -51). Suppose -y = -7*w + 4*w. What is the units digit of w?
6
What is the units digit of (-2 + 3)/((-1)/(-6))?
6
Suppose -d + 72 = -s - 32, -d - 2*s = -116. What is the tens digit of d?
0
Let p(k) = 9*k - 5. What is the tens digit of p(6)?
4
Let j(v) = -v**3 + v**2 + v + 2. Let d be j(0). Suppose -5*o + k = 6*k - 115, d*k = 10. What is the tens digit of o?
1
Let c = -4 - -3. Let s = 3 + c. What is the units digit of s?
2
Let s = 2 + -3. Let m = -11 - -18. Let n = s + m. What is the units digit of n?
6
Let a(t) = t + 5. Suppose -3*n - 33 = -0*n. Let l be a(n). What is the units digit of 20/l*(-15)/10?
5
Let l be (28/(-35))/((-2)/10). Let u = 5 + -5. Suppose u = 3*j - c - 57, 15 = l*c 